{"id":65,"date":"2020-01-05T16:37:23","date_gmt":"2020-01-05T14:37:23","guid":{"rendered":"http:\/\/testi.koiratuotteet.fi\/?page_id=65"},"modified":"2020-01-05T16:37:23","modified_gmt":"2020-01-05T14:37:23","slug":"yhteystiedot","status":"publish","type":"page","link":"https:\/\/www.peuralanasepaja.fi\/?page_id=65","title":{"rendered":"YHTEYSTIEDOT"},"content":{"rendered":"<h2><strong>Peuralan Asepaja<\/strong><\/h2>\n<p>Haavistontie 2<br \/>\n63100 Kuortane<br \/>\n040-7050532<\/p>\n<p>Avoinna arkisin p\u00e4\u00e4osin 8:00\u201317:00.<br \/>\nVarmistathan ennen tuloasi, ett\u00e4 sepp\u00e4 on paikanp\u00e4\u00e4ll\u00e4!<\/p>\n<p><a href=\"https:\/\/www.peuralanasepaja.fi\">www.peuralanasepaja.fi<\/a><br \/>\ninfo@peuralanasepaja.fi<\/p>\n<p>Yhteydenotot ja tiedustelut mieluiten puhelimitse, s\u00e4hk\u00f6posteihin vastausaika 1vrk-1vk.<\/p>\n","protected":false},"excerpt":{"rendered":"<p>Peuralan Asepaja Haavistontie 2 63100 Kuortane 040-7050532 Avoinna arkisin p\u00e4\u00e4osin 8:00\u201317:00. Varmistathan ennen tuloasi, ett\u00e4 sepp\u00e4 on paikanp\u00e4\u00e4ll\u00e4! www.peuralanasepaja.fi info@peuralanasepaja.fi Yhteydenotot ja tiedustelut mieluiten<\/p>\n","protected":false},"author":1,"featured_media":0,"parent":0,"menu_order":11,"comment_status":"closed","ping_status":"closed","template":"","meta":{"footnotes":""},"class_list":["post-65","page","type-page","status-publish","hentry"],"_links":{"self":[{"href":"https:\/\/www.peuralanasepaja.fi\/index.php?rest_route=\/wp\/v2\/pages\/65","targetHints":{"allow":["GET"]}}],"collection":[{"href":"https:\/\/www.peuralanasepaja.fi\/index.php?rest_route=\/wp\/v2\/pages"}],"about":[{"href":"https:\/\/www.peuralanasepaja.fi\/index.php?rest_route=\/wp\/v2\/types\/page"}],"author":[{"embeddable":true,"href":"https:\/\/www.peuralanasepaja.fi\/index.php?rest_route=\/wp\/v2\/users\/1"}],"replies":[{"embeddable":true,"href":"https:\/\/www.peuralanasepaja.fi\/index.php?rest_route=%2Fwp%2Fv2%2Fcomments&post=65"}],"version-history":[{"count":1,"href":"https:\/\/www.peuralanasepaja.fi\/index.php?rest_route=\/wp\/v2\/pages\/65\/revisions"}],"predecessor-version":[{"id":66,"href":"https:\/\/www.peuralanasepaja.fi\/index.php?rest_route=\/wp\/v2\/pages\/65\/revisions\/66"}],"wp:attachment":[{"href":"https:\/\/www.peuralanasepaja.fi\/index.php?rest_route=%2Fwp%2Fv2%2Fmedia&parent=65"}],"curies":[{"name":"wp","href":"https:\/\/api.w.org\/{rel}","templated":true}]}}